 - d = 78. Suppose r = g - 43. Suppose 4*b - 20 = g. What is the remainder when b is divided by 9?
7
Let u(d) = -d**3 - 8*d**2 - 6*d - 2. Let c be u(-7). Let y be -6*(84/c - -2). What is the remainder when y/3*(-2 - -5) is divided by 15?
14
Suppose 0 = 5*j - 4*j - 49. Calculate the remainder when j is divided by (-17)/((4 - 1)/(-3)).
15
Suppose 4*s = -27 + 79. Calculate the remainder when 41 is divided by s + (1 - 4 - -1).
8
Suppose h + 0*j - j = 51, -202 = -4*h + 3*j. Calculate the remainder when h is divided by 10.
9
Suppose 0*v - 3*v = 6. What is the remainder when 18 is divided by 1*20/(-4)*v?
8
Let l be (6/18)/((-2)/(-6)). Let r(m) = 8*m**2 + 2*m - 1. What is the remainder when r(l) is divided by 3?
0
Let g(y) = 2*y**2 - 8*y - 1. Suppose 0 = -0*c + 5*c - 445. Calculate the remainder when c is divided by g(6).
20
Let h = 33 + -13. What is the remainder when 58 is divided by h?
18
Let i(z) = 5*z**2 - 2*z - 1. Calculate the remainder when 25 is divided by i(2).
10
Let c = -99 - -107. What is the remainder when c is divided by 3?
2
Suppose -4*b - b - 2*g = -29, -5*b + 2*g + 21 = 0. Calculate the remainder when 14 is divided by b.
4
Let v(s) = -7*s + 4. What is the remainder when v(-12) is divided by 10?
8
Suppose 2*p + 0 - 1 = k, 0 = -k - 3*p + 24. What is the remainder when 35 is divided by k?
8
Suppose -c + 48 + 32 = 0. Suppose 2*f - 6*f + c = 0. Calculate the remainder when 59 is divided by f.
19
Let y(g) = g**3 - 7*g**2 - 7*g + 2. What is the remainder when 28 is divided by y(8)?
8
Let a(t) = -t**3 - 6*t**2 + 9*t - 12. What is the remainder when a(-8) is divided by 16?
12
Let c be 48/15 + (-2)/10. Suppose q = c*w - 194 - 8, -2*q = 8. What is the remainder when w is divided by 17?
15
Suppose 0 = -2*u - 2*u + 68. Suppose -5 = -2*i + u. What is the remainder when 63 is divided by i?
8
Suppose -8*z + 11*z - 27 = 0. Calculate the remainder when (-5)/(10/(-8))*6 is divided by z.
6
Let u = 6 - 3. Suppose 3*a = -3*c + 42, -4*a + u*a - 56 = -4*c. Let g(l) = l. Calculate the remainder when c is divided by g(5).
4
Suppose 3*c + 4*k = c - 188, 4*c + 2*k + 400 = 0. Let m = 145 + c. Calculate the remainder when m is divided by 15.
13
Let z(o) = 2*o**2 + 4*o**2 - o**3 + 5*o + 0*o**2 + 2*o**3. Suppose -2*w + 36 = -34. Calculate the remainder when w is divided by z(-4).
11
Let s be (-7)/(-2) + (-1)/(-2). Suppose 2*y - 42 = -s*b, 0*y - b = y - 17. What is the remainder when y is divided by 7?
6
Suppose -2*s = -7*s + 40. What is the remainder when 42 is divided by 366/24 - 2/s?
12
Let v(w) = w**2 + 2. Suppose 5*p - 3*p + 5 = -a, -5*a + 5 = 0. What is the remainder when (33 + -2)*(-2 + 3) is divided by v(p)?
9
Let i(b) = 7*b - 77. What is the remainder when i(15) is divided by 15?
13
Suppose -6*c + 54 = -18. Calculate the remainder when 59 is divided by c.
11
Suppose 4*h = -30 - 126. Let i be (2 + 181)/3 - -3. Let f = i + h. What is the remainder when f is divided by 9?
7
Let i(n) = n**3 + 5*n**2 - 5*n + 7. Let h be i(-7). Let k = h + 83. What is the remainder when k is divided by 14?
13
Suppose -s - s = 0. Let g be s + (-2)/(-3)*3. Suppose 10 = q + 3*c, -q + 17 = g*c - 6*c. Calculate the remainder when q is divided by 5.
3
Let g(j) = -3*j - 4 + 1 - j**2 + 1. Let t be g(-6). Calculate the remainder when 428/10 + (-4)/t is divided by 15.
13
Let i be 1/(-1) - -2 - 50. Let h = -33 - i. What is the remainder when 30 is divided by h?
14
Let s be 13 + (-12)/(-3)*-1. Calculate the remainder when 1141/21 - 3/s is divided by 11.
10
Let r = 13 - 9. Suppose r = 3*l - 14. What is the remainder when l is divided by 2?
0
Suppose -2*r = 1 - 11. Suppose r*q = 47 + 58. What is the remainder when 40 is divided by q?
19
Let h(m) = m**3 - 2*m**2 - 5*m + 4. Calculate the remainder when (-561)/(-9) + (-2)/6 is divided by h(4).
14
Suppose -5 = -5*t + 20. Let r = t + -2. What is the remainder when 6 is divided by r?
0
Suppose -y = -p - 38, -4*p - 66 = -y - y. Suppose k - 2*q + 84 = 4*k, 0 = 4*q - 12. Let x = -11 + k. What is the remainder when y is divided by x?
13
Let a(z) = 2*z + 3. Let c(u) = 2*u**2. Let i be c(-1). Calculate the remainder when 1*(i + 27 + 2) is divided by a(4).
9
Let c = 6 - 6. Suppose 4*j = -c*j + 164. Calculate the remainder when j is divided by 11.
8
Let m = 21 + 14. Suppose -3*c + 65 = 4*i, -i + 0*c + 3*c + m = 0. Suppose 0 = 6*o - o - i. What is the remainder when o is divided by 3?
1
Suppose -15*k = -20*k + 15. Let j be (-2)/1 + 51 + 2. Suppose k*u + 4*s - 41 = 0, 2*s - j = -5*u + 4*s. Calculate the remainder when 21 is divided by u.
10
Suppose -2*k = 7*k - 162. Let p(l) = -l**2 + l - 56. Let m be p(0). Let h = -3 - m. What is the remainder when h is divided by k?
17
Let b = 10 + 5. Calculate the remainder when 40 is divided by b.
10
Suppose 0*m - 18 = 2*m. Let p(j) = j**2 + 7*j - 10. Calculate the remainder when p(m) is divided by 5.
3
Suppose -2*o - 20 = 4*k + 30, -3*o = 4*k + 67. Let t = -3 + 15. Let m = t - o. Calculate the remainder when m is divided by 10.
9
Let k(w) = 3*w**3 - 3*w**2 + w + 2. Suppose -15 = -7*x + 27. What is the remainder when k(2) is divided by x?
4
Let u(o) = -o + 4. Let g be u(5). Calculate the remainder when 17 is divided by (-1 - -2 - -10) + g.
7
Let y(l) = l**2 - 12*l + 7. Let q be y(11). Let h = 18 + q. What is the remainder when 54 is divided by h?
12
Let m = 22 + -18. What is the remainder when 22 is divided by m?
2
Suppose -2*m + 33 = 4*n - 5*m, 3*n + 5*m - 32 = 0. Calculate the remainder when 51 is divided by n.
6
Suppose -4*q = -265 - 179. Suppose -q = -3*w - 15. Calculate the remainder when w is divided by 11.
10
Suppose -r = u - 201, -u = -3*r - 5*u + 603. What is the remainder when r is divided by 29?
27
Suppose y + 3 = 0, -5*y + 0*y = 5*f. Suppose -f*o - o + 132 = 0. Calculate the remainder when o is divided by (1/(-2) - -1)*34.
16
Suppose 0 = -5*c + 2*d - 5*d + 400, 0 = -2*c + d + 171. What is the remainder when c is divided by 17?
15
Suppose 0 = 5*s - 2*s - 9. Suppose 85 + 101 = s*k. What is the remainder when k is divided by 21?
20
Suppose -73 = -2*c + z, -c + 23 = -5*z - 0*z. Calculate the remainder when c is divided by 10.
8
Let b(t) = 2*t - 2. Let s be b(2). Let v be 132/9 - 2/(-6). Suppose -s*q - v = -5*q. Calculate the remainder when q is divided by 3.
2
Suppose -28 = 4*x - 4*n, 4*x - 5*n = 5*x + 19. Let o = x - -28. What is the remainder when 35 is divided by o?
16
Let a(m) = -m + 18. Let q be a(16). Suppose -66 = q*x - 5*x. What is the remainder when x is divided by (-3 - -1)*-2*2?
6
Suppose m - 2 + 6 = 0. Let b(a) = -4*a - 4. Calculate the remainder when (2 + 0 + (-1 - 23))*-1 is divided by b(m).
10
Suppose u + 4 = 7. Suppose 0 = -u*m - 2*m + 80. Let j = m - -11. Calculate the remainder when j is divided by 14.
13
Let l = 6 - 3. Suppose 111 = 3*t - 0*t - l*j, 3*j + 146 = 4*t. Let z = t + 1. Calculate the remainder when z is divided by 19.
17
Let x(v) = 0*v**3 - 3*v - 52 + 8*v**2 + 46 - v**3. What is the remainder when x(7) is divided by 8?
6
Suppose 5 = 4*c - 2*x - 9, 2*x = 3*c - 12. Suppose -c*y = 3*y - 70. Calculate the remainder when 67 is divided by y.
11
Let q(a) be the third derivative of a**6/120 + a**4/24 + a**3/3 - 5*a**2. Calculate the remainder when q(3) is divided by 17.
15
Suppose -i = 4*i + 505. Let k = i + 186. What is the remainder when k is divided by 22?
19
Let q(z) = -z**2 - 6*z - 2. Let v be q(-5). Suppose 0 = -v*n + n + 16. Calculate the remainder when 15 is divided by n.
7
Let h(n) = n**3 - 5*n**2 - 7*n + 6. Let v be h(6). Let a(g) = g. Let l be a(v). Let s = 11 + l. Calculate the remainder when 32 is divided by s.
10
Let z(d) = d - 21. Let i be z(0). Let u = i - -29. Suppose -k = 4*k - 75. What is the remainder when k is divided by u?
7
Let j(g) = g**2 + 5*g + 1. What is the remainder when 26 is divided by j(-6)?
5
Suppose 2*y + z - 4 = 25, -2*z + 72 = 5*y. Let g(v) = 6*v - 1. What is the remainder when y is divided by g(1)?
4
Let z(m) = -2 + m - 4*m + 0*m. Calculate the remainder when z(-3) is divided by 4.
3
Suppose 4*g + 4*b + 3 + 13 = 0, -3*b = 0. Let x be g*-2*3/12. What is the remainder when 25 is divided by (13 - 2) + (-4)/x?
7
Let c = -49 - -61. What is the remainder when c is divided by 5?
2
Suppose -2*w + 6 = -16. Let r be (-11)/(-2) + (-3)/(-6). Let q(a) = a**2 - a. 